{"id":1234120,"date":"2024-02-13T12:47:27","date_gmt":"2024-02-13T11:47:27","guid":{"rendered":"https:\/\/www.rossispa.it\/shop\/?post_type=product&#038;p=1234120"},"modified":"2025-12-10T09:39:53","modified_gmt":"2025-12-10T08:39:53","slug":"portachiavi-unterturkheim","status":"publish","type":"product","link":"https:\/\/www.rossispa.it\/shop\/prodotto\/portachiavi-unterturkheim\/","title":{"rendered":"Portachiavi, Untert\u00fcrkheim"},"content":{"rendered":"<p>Una sistemazione sicura per tutte le chiavi pi\u00f9 importanti: il portachiavi Untert\u00fcrkheim mette fine al disordine. Il portachiavi color argento e nero \u00e8 realizzato in acciaio legato. Oltre a un grande anello piatto con scritta &#8220;Mercedes- Benz&#8221; incisa al laser, tre mini-anelli aggiuntivi consentono di sostituire ed estrarre rapidamente le singole chiavi.<\/p>\n","protected":false},"excerpt":{"rendered":"<p><strong>&#8211; Colore: <\/strong>nero\/color argento<br \/>\n<strong>&#8211; Materiale:<\/strong> acciaio legato<br \/>\n<strong>&#8211; Lunghezza:<\/strong> ca. 7 cm<br \/>\n&#8211; Anello portachiavi piatto con tre mini-anelli aggiuntivi &#8211; Made in Germany<\/p>\n","protected":false},"featured_media":1234121,"comment_status":"open","ping_status":"closed","template":"","meta":[],"product_cat":[77],"product_tag":[],"yoast_head":"<!-- This site is optimized with the Yoast SEO plugin v20.8 - https:\/\/yoast.com\/wordpress\/plugins\/seo\/ -->\n<title>Portachiavi, Untert\u00fcrkheim - Rossi Shop<\/title>\n<meta name=\"robots\" content=\"index, follow, max-snippet:-1, max-image-preview:large, max-video-preview:-1\" \/>\n<link rel=\"canonical\" href=\"https:\/\/www.rossispa.it\/shop\/prodotto\/portachiavi-unterturkheim\/\" \/>\n<meta property=\"og:locale\" content=\"it_IT\" \/>\n<meta property=\"og:type\" content=\"article\" \/>\n<meta property=\"og:title\" content=\"Portachiavi, Untert\u00fcrkheim - Rossi Shop\" \/>\n<meta property=\"og:description\" content=\"- Colore: nero\/color argento - Materiale: acciaio legato - Lunghezza: ca. 7 cm - Anello portachiavi piatto con tre mini-anelli aggiuntivi - Made in Germany\" \/>\n<meta property=\"og:url\" content=\"https:\/\/www.rossispa.it\/shop\/prodotto\/portachiavi-unterturkheim\/\" \/>\n<meta property=\"og:site_name\" content=\"Rossi Shop\" \/>\n<meta property=\"article:modified_time\" content=\"2025-12-10T08:39:53+00:00\" \/>\n<meta property=\"og:image\" content=\"https:\/\/www.rossispa.it\/shop\/wp-content\/uploads\/2021\/06\/RossiSpa-Portachiavi1.jpg\" \/>\n\t<meta property=\"og:image:width\" content=\"1200\" \/>\n\t<meta property=\"og:image:height\" content=\"880\" \/>\n\t<meta property=\"og:image:type\" content=\"image\/jpeg\" \/>\n<meta name=\"twitter:card\" content=\"summary_large_image\" \/>\n<script type=\"application\/ld+json\" class=\"yoast-schema-graph\">{\"@context\":\"https:\/\/schema.org\",\"@graph\":[{\"@type\":\"WebPage\",\"@id\":\"https:\/\/www.rossispa.it\/shop\/prodotto\/portachiavi-unterturkheim\/\",\"url\":\"https:\/\/www.rossispa.it\/shop\/prodotto\/portachiavi-unterturkheim\/\",\"name\":\"Portachiavi, Untert\u00fcrkheim - Rossi Shop\",\"isPartOf\":{\"@id\":\"https:\/\/www.rossispa.it\/shop\/#website\"},\"datePublished\":\"2024-02-13T11:47:27+00:00\",\"dateModified\":\"2025-12-10T08:39:53+00:00\",\"breadcrumb\":{\"@id\":\"https:\/\/www.rossispa.it\/shop\/prodotto\/portachiavi-unterturkheim\/#breadcrumb\"},\"inLanguage\":\"it-IT\",\"potentialAction\":[{\"@type\":\"ReadAction\",\"target\":[\"https:\/\/www.rossispa.it\/shop\/prodotto\/portachiavi-unterturkheim\/\"]}]},{\"@type\":\"BreadcrumbList\",\"@id\":\"https:\/\/www.rossispa.it\/shop\/prodotto\/portachiavi-unterturkheim\/#breadcrumb\",\"itemListElement\":[{\"@type\":\"ListItem\",\"position\":1,\"name\":\"Home\",\"item\":\"https:\/\/www.rossispa.it\/shop\/\"},{\"@type\":\"ListItem\",\"position\":2,\"name\":\"Shop\",\"item\":\"https:\/\/www.rossispa.it\/shop\/shop\/\"},{\"@type\":\"ListItem\",\"position\":3,\"name\":\"Portachiavi, Untert\u00fcrkheim\"}]},{\"@type\":\"WebSite\",\"@id\":\"https:\/\/www.rossispa.it\/shop\/#website\",\"url\":\"https:\/\/www.rossispa.it\/shop\/\",\"name\":\"Rossi Shop\",\"description\":\"Shop | AMG \",\"potentialAction\":[{\"@type\":\"SearchAction\",\"target\":{\"@type\":\"EntryPoint\",\"urlTemplate\":\"https:\/\/www.rossispa.it\/shop\/?s={search_term_string}\"},\"query-input\":\"required name=search_term_string\"}],\"inLanguage\":\"it-IT\"}]}<\/script>\n<!-- \/ Yoast SEO plugin. -->","yoast_head_json":{"title":"Portachiavi, Untert\u00fcrkheim - Rossi Shop","robots":{"index":"index","follow":"follow","max-snippet":"max-snippet:-1","max-image-preview":"max-image-preview:large","max-video-preview":"max-video-preview:-1"},"canonical":"https:\/\/www.rossispa.it\/shop\/prodotto\/portachiavi-unterturkheim\/","og_locale":"it_IT","og_type":"article","og_title":"Portachiavi, Untert\u00fcrkheim - Rossi Shop","og_description":"- Colore: nero\/color argento - Materiale: acciaio legato - Lunghezza: ca. 7 cm - Anello portachiavi piatto con tre mini-anelli aggiuntivi - Made in Germany","og_url":"https:\/\/www.rossispa.it\/shop\/prodotto\/portachiavi-unterturkheim\/","og_site_name":"Rossi Shop","article_modified_time":"2025-12-10T08:39:53+00:00","og_image":[{"width":1200,"height":880,"url":"https:\/\/www.rossispa.it\/shop\/wp-content\/uploads\/2021\/06\/RossiSpa-Portachiavi1.jpg","type":"image\/jpeg"}],"twitter_card":"summary_large_image","schema":{"@context":"https:\/\/schema.org","@graph":[{"@type":"WebPage","@id":"https:\/\/www.rossispa.it\/shop\/prodotto\/portachiavi-unterturkheim\/","url":"https:\/\/www.rossispa.it\/shop\/prodotto\/portachiavi-unterturkheim\/","name":"Portachiavi, Untert\u00fcrkheim - Rossi Shop","isPartOf":{"@id":"https:\/\/www.rossispa.it\/shop\/#website"},"datePublished":"2024-02-13T11:47:27+00:00","dateModified":"2025-12-10T08:39:53+00:00","breadcrumb":{"@id":"https:\/\/www.rossispa.it\/shop\/prodotto\/portachiavi-unterturkheim\/#breadcrumb"},"inLanguage":"it-IT","potentialAction":[{"@type":"ReadAction","target":["https:\/\/www.rossispa.it\/shop\/prodotto\/portachiavi-unterturkheim\/"]}]},{"@type":"BreadcrumbList","@id":"https:\/\/www.rossispa.it\/shop\/prodotto\/portachiavi-unterturkheim\/#breadcrumb","itemListElement":[{"@type":"ListItem","position":1,"name":"Home","item":"https:\/\/www.rossispa.it\/shop\/"},{"@type":"ListItem","position":2,"name":"Shop","item":"https:\/\/www.rossispa.it\/shop\/shop\/"},{"@type":"ListItem","position":3,"name":"Portachiavi, Untert\u00fcrkheim"}]},{"@type":"WebSite","@id":"https:\/\/www.rossispa.it\/shop\/#website","url":"https:\/\/www.rossispa.it\/shop\/","name":"Rossi Shop","description":"Shop | AMG ","potentialAction":[{"@type":"SearchAction","target":{"@type":"EntryPoint","urlTemplate":"https:\/\/www.rossispa.it\/shop\/?s={search_term_string}"},"query-input":"required name=search_term_string"}],"inLanguage":"it-IT"}]}},"_links":{"self":[{"href":"https:\/\/www.rossispa.it\/shop\/wp-json\/wp\/v2\/product\/1234120"}],"collection":[{"href":"https:\/\/www.rossispa.it\/shop\/wp-json\/wp\/v2\/product"}],"about":[{"href":"https:\/\/www.rossispa.it\/shop\/wp-json\/wp\/v2\/types\/product"}],"replies":[{"embeddable":true,"href":"https:\/\/www.rossispa.it\/shop\/wp-json\/wp\/v2\/comments?post=1234120"}],"wp:featuredmedia":[{"embeddable":true,"href":"https:\/\/www.rossispa.it\/shop\/wp-json\/wp\/v2\/media\/1234121"}],"wp:attachment":[{"href":"https:\/\/www.rossispa.it\/shop\/wp-json\/wp\/v2\/media?parent=1234120"}],"wp:term":[{"taxonomy":"product_cat","embeddable":true,"href":"https:\/\/www.rossispa.it\/shop\/wp-json\/wp\/v2\/product_cat?post=1234120"},{"taxonomy":"product_tag","embeddable":true,"href":"https:\/\/www.rossispa.it\/shop\/wp-json\/wp\/v2\/product_tag?post=1234120"}],"curies":[{"name":"wp","href":"https:\/\/api.w.org\/{rel}","templated":true}]}}