{"id":1234682,"date":"2023-12-19T09:35:13","date_gmt":"2023-12-19T08:35:13","guid":{"rendered":"https:\/\/www.rossispa.it\/shop\/?post_type=product&#038;p=1234682"},"modified":"2024-02-15T09:34:07","modified_gmt":"2024-02-15T08:34:07","slug":"ombrello-300-sl-pomello-del-cambio","status":"publish","type":"product","link":"https:\/\/www.rossispa.it\/shop\/prodotto\/ombrello-300-sl-pomello-del-cambio\/","title":{"rendered":"Ombrello, 300 SL, Pomello del cambio"},"content":{"rendered":"<p><strong>Colore:<\/strong> marrone<br \/>\n<strong>Materiale:<\/strong> poliestere\/acciaio\/fibra di vetro<br \/>\n<strong>Diametro:<\/strong> ca. 130 cm<br \/>\nLunghezza ca. 102 cm (chiusa)<br \/>\nTasto di attivazione automatico<br \/>\nVersione \u201cWindproof\u201d<\/p>\n","protected":false},"excerpt":{"rendered":"<p>L&#8217;ombrello automatico con impugnatura a forma di pomello del cambio della 300 SL con superficie esterna marrone in 100% poliestere pongee e logo stampato color argento \u00e8 molto pi\u00f9 di un semplice ombrello. Questo accessorio con fodera marrone in pongee 100% poliestere e logo stampato color argento \u00e8 molto pi\u00f9 di un semplice ombrello. Presenta infatti un&#8217;esclusiva impugnatura a forma di pomello del cambio, mentre componenti quali le stecche in fibra di vetro e il manico in acciaio cromato da 14 mm con puntale continuo confermano la struttura &#8220;Windproof&#8221; con speciale rivestimento idrorepellente e resistente allo sporco.<\/p>\n","protected":false},"featured_media":1234683,"comment_status":"open","ping_status":"closed","template":"","meta":[],"product_cat":[77],"product_tag":[],"yoast_head":"<!-- This site is optimized with the Yoast SEO plugin v20.8 - https:\/\/yoast.com\/wordpress\/plugins\/seo\/ -->\n<title>Ombrello, 300 SL, Pomello del cambio - Rossi Shop<\/title>\n<meta name=\"robots\" content=\"index, follow, max-snippet:-1, max-image-preview:large, max-video-preview:-1\" \/>\n<link rel=\"canonical\" href=\"https:\/\/www.rossispa.it\/shop\/prodotto\/ombrello-300-sl-pomello-del-cambio\/\" \/>\n<meta property=\"og:locale\" content=\"it_IT\" \/>\n<meta property=\"og:type\" content=\"article\" \/>\n<meta property=\"og:title\" content=\"Ombrello, 300 SL, Pomello del cambio - Rossi Shop\" \/>\n<meta property=\"og:description\" content=\"L&#039;ombrello automatico con impugnatura a forma di pomello del cambio della 300 SL con superficie esterna marrone in 100% poliestere pongee e logo stampato color argento \u00e8 molto pi\u00f9 di un semplice ombrello. Questo accessorio con fodera marrone in pongee 100% poliestere e logo stampato color argento \u00e8 molto pi\u00f9 di un semplice ombrello. Presenta infatti un&#039;esclusiva impugnatura a forma di pomello del cambio, mentre componenti quali le stecche in fibra di vetro e il manico in acciaio cromato da 14 mm con puntale continuo confermano la struttura &quot;Windproof&quot; con speciale rivestimento idrorepellente e resistente allo sporco.\" \/>\n<meta property=\"og:url\" content=\"https:\/\/www.rossispa.it\/shop\/prodotto\/ombrello-300-sl-pomello-del-cambio\/\" \/>\n<meta property=\"og:site_name\" content=\"Rossi Shop\" \/>\n<meta property=\"article:modified_time\" content=\"2024-02-15T08:34:07+00:00\" \/>\n<meta property=\"og:image\" content=\"https:\/\/www.rossispa.it\/shop\/wp-content\/uploads\/2023\/12\/47710.jpg\" \/>\n\t<meta property=\"og:image:width\" content=\"800\" \/>\n\t<meta property=\"og:image:height\" content=\"800\" \/>\n\t<meta property=\"og:image:type\" content=\"image\/jpeg\" \/>\n<meta name=\"twitter:card\" content=\"summary_large_image\" \/>\n<script type=\"application\/ld+json\" class=\"yoast-schema-graph\">{\"@context\":\"https:\/\/schema.org\",\"@graph\":[{\"@type\":\"WebPage\",\"@id\":\"https:\/\/www.rossispa.it\/shop\/prodotto\/ombrello-300-sl-pomello-del-cambio\/\",\"url\":\"https:\/\/www.rossispa.it\/shop\/prodotto\/ombrello-300-sl-pomello-del-cambio\/\",\"name\":\"Ombrello, 300 SL, Pomello del cambio - Rossi Shop\",\"isPartOf\":{\"@id\":\"https:\/\/www.rossispa.it\/shop\/#website\"},\"datePublished\":\"2023-12-19T08:35:13+00:00\",\"dateModified\":\"2024-02-15T08:34:07+00:00\",\"breadcrumb\":{\"@id\":\"https:\/\/www.rossispa.it\/shop\/prodotto\/ombrello-300-sl-pomello-del-cambio\/#breadcrumb\"},\"inLanguage\":\"it-IT\",\"potentialAction\":[{\"@type\":\"ReadAction\",\"target\":[\"https:\/\/www.rossispa.it\/shop\/prodotto\/ombrello-300-sl-pomello-del-cambio\/\"]}]},{\"@type\":\"BreadcrumbList\",\"@id\":\"https:\/\/www.rossispa.it\/shop\/prodotto\/ombrello-300-sl-pomello-del-cambio\/#breadcrumb\",\"itemListElement\":[{\"@type\":\"ListItem\",\"position\":1,\"name\":\"Home\",\"item\":\"https:\/\/www.rossispa.it\/shop\/\"},{\"@type\":\"ListItem\",\"position\":2,\"name\":\"Shop\",\"item\":\"https:\/\/www.rossispa.it\/shop\/shop\/\"},{\"@type\":\"ListItem\",\"position\":3,\"name\":\"Ombrello, 300 SL, Pomello del cambio\"}]},{\"@type\":\"WebSite\",\"@id\":\"https:\/\/www.rossispa.it\/shop\/#website\",\"url\":\"https:\/\/www.rossispa.it\/shop\/\",\"name\":\"Rossi Shop\",\"description\":\"Shop | AMG \",\"potentialAction\":[{\"@type\":\"SearchAction\",\"target\":{\"@type\":\"EntryPoint\",\"urlTemplate\":\"https:\/\/www.rossispa.it\/shop\/?s={search_term_string}\"},\"query-input\":\"required name=search_term_string\"}],\"inLanguage\":\"it-IT\"}]}<\/script>\n<!-- \/ Yoast SEO plugin. -->","yoast_head_json":{"title":"Ombrello, 300 SL, Pomello del cambio - Rossi Shop","robots":{"index":"index","follow":"follow","max-snippet":"max-snippet:-1","max-image-preview":"max-image-preview:large","max-video-preview":"max-video-preview:-1"},"canonical":"https:\/\/www.rossispa.it\/shop\/prodotto\/ombrello-300-sl-pomello-del-cambio\/","og_locale":"it_IT","og_type":"article","og_title":"Ombrello, 300 SL, Pomello del cambio - Rossi Shop","og_description":"L'ombrello automatico con impugnatura a forma di pomello del cambio della 300 SL con superficie esterna marrone in 100% poliestere pongee e logo stampato color argento \u00e8 molto pi\u00f9 di un semplice ombrello. Questo accessorio con fodera marrone in pongee 100% poliestere e logo stampato color argento \u00e8 molto pi\u00f9 di un semplice ombrello. Presenta infatti un'esclusiva impugnatura a forma di pomello del cambio, mentre componenti quali le stecche in fibra di vetro e il manico in acciaio cromato da 14 mm con puntale continuo confermano la struttura \"Windproof\" con speciale rivestimento idrorepellente e resistente allo sporco.","og_url":"https:\/\/www.rossispa.it\/shop\/prodotto\/ombrello-300-sl-pomello-del-cambio\/","og_site_name":"Rossi Shop","article_modified_time":"2024-02-15T08:34:07+00:00","og_image":[{"width":800,"height":800,"url":"https:\/\/www.rossispa.it\/shop\/wp-content\/uploads\/2023\/12\/47710.jpg","type":"image\/jpeg"}],"twitter_card":"summary_large_image","schema":{"@context":"https:\/\/schema.org","@graph":[{"@type":"WebPage","@id":"https:\/\/www.rossispa.it\/shop\/prodotto\/ombrello-300-sl-pomello-del-cambio\/","url":"https:\/\/www.rossispa.it\/shop\/prodotto\/ombrello-300-sl-pomello-del-cambio\/","name":"Ombrello, 300 SL, Pomello del cambio - Rossi Shop","isPartOf":{"@id":"https:\/\/www.rossispa.it\/shop\/#website"},"datePublished":"2023-12-19T08:35:13+00:00","dateModified":"2024-02-15T08:34:07+00:00","breadcrumb":{"@id":"https:\/\/www.rossispa.it\/shop\/prodotto\/ombrello-300-sl-pomello-del-cambio\/#breadcrumb"},"inLanguage":"it-IT","potentialAction":[{"@type":"ReadAction","target":["https:\/\/www.rossispa.it\/shop\/prodotto\/ombrello-300-sl-pomello-del-cambio\/"]}]},{"@type":"BreadcrumbList","@id":"https:\/\/www.rossispa.it\/shop\/prodotto\/ombrello-300-sl-pomello-del-cambio\/#breadcrumb","itemListElement":[{"@type":"ListItem","position":1,"name":"Home","item":"https:\/\/www.rossispa.it\/shop\/"},{"@type":"ListItem","position":2,"name":"Shop","item":"https:\/\/www.rossispa.it\/shop\/shop\/"},{"@type":"ListItem","position":3,"name":"Ombrello, 300 SL, Pomello del cambio"}]},{"@type":"WebSite","@id":"https:\/\/www.rossispa.it\/shop\/#website","url":"https:\/\/www.rossispa.it\/shop\/","name":"Rossi Shop","description":"Shop | AMG ","potentialAction":[{"@type":"SearchAction","target":{"@type":"EntryPoint","urlTemplate":"https:\/\/www.rossispa.it\/shop\/?s={search_term_string}"},"query-input":"required name=search_term_string"}],"inLanguage":"it-IT"}]}},"_links":{"self":[{"href":"https:\/\/www.rossispa.it\/shop\/wp-json\/wp\/v2\/product\/1234682"}],"collection":[{"href":"https:\/\/www.rossispa.it\/shop\/wp-json\/wp\/v2\/product"}],"about":[{"href":"https:\/\/www.rossispa.it\/shop\/wp-json\/wp\/v2\/types\/product"}],"replies":[{"embeddable":true,"href":"https:\/\/www.rossispa.it\/shop\/wp-json\/wp\/v2\/comments?post=1234682"}],"wp:featuredmedia":[{"embeddable":true,"href":"https:\/\/www.rossispa.it\/shop\/wp-json\/wp\/v2\/media\/1234683"}],"wp:attachment":[{"href":"https:\/\/www.rossispa.it\/shop\/wp-json\/wp\/v2\/media?parent=1234682"}],"wp:term":[{"taxonomy":"product_cat","embeddable":true,"href":"https:\/\/www.rossispa.it\/shop\/wp-json\/wp\/v2\/product_cat?post=1234682"},{"taxonomy":"product_tag","embeddable":true,"href":"https:\/\/www.rossispa.it\/shop\/wp-json\/wp\/v2\/product_tag?post=1234682"}],"curies":[{"name":"wp","href":"https:\/\/api.w.org\/{rel}","templated":true}]}}